{"id":157,"date":"2025-01-20T22:50:22","date_gmt":"2025-01-20T22:50:22","guid":{"rendered":"https:\/\/willalubon.pl\/?page_id=157"},"modified":"2025-03-14T01:10:41","modified_gmt":"2025-03-14T01:10:41","slug":"home","status":"publish","type":"page","link":"https:\/\/willalubon.pl\/","title":{"rendered":"G\u0142\u00f3wna"},"content":{"rendered":"\t\t<div data-elementor-type=\"wp-page\" data-elementor-id=\"157\" class=\"elementor elementor-157\" data-elementor-post-type=\"page\">\n\t\t\t\t<div class=\"elementor-element elementor-element-d5cfde3 e-flex e-con-boxed e-con e-parent\" data-id=\"d5cfde3\" data-element_type=\"container\" data-e-type=\"container\" data-settings=\"{&quot;background_background&quot;:&quot;slideshow&quot;,&quot;background_slideshow_gallery&quot;:[{&quot;id&quot;:343,&quot;url&quot;:&quot;https:\\\/\\\/willalubon.pl\\\/wp-content\\\/uploads\\\/2025\\\/01\\\/DSC_0427-scaled.jpg&quot;},{&quot;id&quot;:333,&quot;url&quot;:&quot;https:\\\/\\\/willalubon.pl\\\/wp-content\\\/uploads\\\/2025\\\/01\\\/DSC_0400-scaled.jpg&quot;},{&quot;id&quot;:330,&quot;url&quot;:&quot;https:\\\/\\\/willalubon.pl\\\/wp-content\\\/uploads\\\/2025\\\/01\\\/DSC_0379-scaled.jpg&quot;},{&quot;id&quot;:338,&quot;url&quot;:&quot;https:\\\/\\\/willalubon.pl\\\/wp-content\\\/uploads\\\/2025\\\/01\\\/DSC_0409-scaled.jpg&quot;},{&quot;id&quot;:804,&quot;url&quot;:&quot;https:\\\/\\\/willalubon.pl\\\/wp-content\\\/uploads\\\/2025\\\/02\\\/DSC08942-min-scaled.jpg&quot;},{&quot;id&quot;:805,&quot;url&quot;:&quot;https:\\\/\\\/willalubon.pl\\\/wp-content\\\/uploads\\\/2025\\\/02\\\/DSC08945-min-scaled.jpg&quot;},{&quot;id&quot;:806,&quot;url&quot;:&quot;https:\\\/\\\/willalubon.pl\\\/wp-content\\\/uploads\\\/2025\\\/02\\\/DSC08952-min-scaled.jpg&quot;},{&quot;id&quot;:807,&quot;url&quot;:&quot;https:\\\/\\\/willalubon.pl\\\/wp-content\\\/uploads\\\/2025\\\/02\\\/DSC08953-min-scaled.jpg&quot;},{&quot;id&quot;:808,&quot;url&quot;:&quot;https:\\\/\\\/willalubon.pl\\\/wp-content\\\/uploads\\\/2025\\\/02\\\/DSC08957-min-scaled.jpg&quot;},{&quot;id&quot;:809,&quot;url&quot;:&quot;https:\\\/\\\/willalubon.pl\\\/wp-content\\\/uploads\\\/2025\\\/02\\\/DSC08958-min-scaled.jpg&quot;},{&quot;id&quot;:810,&quot;url&quot;:&quot;https:\\\/\\\/willalubon.pl\\\/wp-content\\\/uploads\\\/2025\\\/02\\\/DSC08968-min-scaled.jpg&quot;},{&quot;id&quot;:811,&quot;url&quot;:&quot;https:\\\/\\\/willalubon.pl\\\/wp-content\\\/uploads\\\/2025\\\/02\\\/DSC08970-min-scaled.jpg&quot;},{&quot;id&quot;:812,&quot;url&quot;:&quot;https:\\\/\\\/willalubon.pl\\\/wp-content\\\/uploads\\\/2025\\\/02\\\/DSC08971-min-scaled.jpg&quot;},{&quot;id&quot;:813,&quot;url&quot;:&quot;https:\\\/\\\/willalubon.pl\\\/wp-content\\\/uploads\\\/2025\\\/02\\\/DSC08975-min-scaled.jpg&quot;},{&quot;id&quot;:814,&quot;url&quot;:&quot;https:\\\/\\\/willalubon.pl\\\/wp-content\\\/uploads\\\/2025\\\/02\\\/DSC08981-min-scaled.jpg&quot;},{&quot;id&quot;:815,&quot;url&quot;:&quot;https:\\\/\\\/willalubon.pl\\\/wp-content\\\/uploads\\\/2025\\\/02\\\/DSC08985-min-scaled.jpg&quot;},{&quot;id&quot;:816,&quot;url&quot;:&quot;https:\\\/\\\/willalubon.pl\\\/wp-content\\\/uploads\\\/2025\\\/02\\\/DSC08916-min-scaled.jpg&quot;}],&quot;background_slideshow_transition_duration&quot;:4000,&quot;background_slideshow_loop&quot;:&quot;yes&quot;,&quot;background_slideshow_slide_duration&quot;:5000,&quot;background_slideshow_slide_transition&quot;:&quot;fade&quot;}\">\n\t\t\t\t\t<div class=\"e-con-inner\">\n\t\t\t\t<div class=\"elementor-element elementor-element-3ecd55be elementor-invisible elementor-widget elementor-widget-heading\" data-id=\"3ecd55be\" data-element_type=\"widget\" data-e-type=\"widget\" data-settings=\"{&quot;_animation&quot;:&quot;fadeIn&quot;}\" data-widget_type=\"heading.default\">\n\t\t\t\t<div class=\"elementor-widget-container\">\n\t\t\t\t\t<h1 class=\"elementor-heading-title elementor-size-default\">WYPOCZYNEK W G\u00d3RACH?<\/h1>\t\t\t\t<\/div>\n\t\t\t\t<\/div>\n\t\t\t\t<div class=\"elementor-element elementor-element-32b3f1bc elementor-invisible elementor-widget elementor-widget-heading\" data-id=\"32b3f1bc\" data-element_type=\"widget\" data-e-type=\"widget\" data-settings=\"{&quot;_animation&quot;:&quot;fadeIn&quot;}\" data-widget_type=\"heading.default\">\n\t\t\t\t<div class=\"elementor-widget-container\">\n\t\t\t\t\t<h5 class=\"elementor-heading-title elementor-size-default\">Podaruj sobie zdrowie i przyjed\u017a do nas na turnus rehabilitacyjny<\/h5>\t\t\t\t<\/div>\n\t\t\t\t<\/div>\n\t\t\t\t<div class=\"elementor-element elementor-element-2a921c06 elementor-align-center elementor-invisible elementor-widget elementor-widget-button\" data-id=\"2a921c06\" data-element_type=\"widget\" data-e-type=\"widget\" data-settings=\"{&quot;_animation&quot;:&quot;fadeIn&quot;,&quot;_animation_delay&quot;:400}\" data-widget_type=\"button.default\">\n\t\t\t\t<div class=\"elementor-widget-container\">\n\t\t\t\t\t\t\t\t\t<div class=\"elementor-button-wrapper\">\n\t\t\t\t\t<a class=\"elementor-button elementor-size-sm\" role=\"button\">\n\t\t\t\t\t\t<span class=\"elementor-button-content-wrapper\">\n\t\t\t\t\t\t\t\t\t<span class=\"elementor-button-text\">ZOBACZ CENNIK<\/span>\n\t\t\t\t\t<\/span>\n\t\t\t\t\t<\/a>\n\t\t\t\t<\/div>\n\t\t\t\t\t\t\t\t<\/div>\n\t\t\t\t<\/div>\n\t\t\t\t\t<\/div>\n\t\t\t\t<\/div>\n\t\t<div class=\"elementor-element elementor-element-76b52626 e-flex e-con-boxed e-con e-parent\" data-id=\"76b52626\" data-element_type=\"container\" data-e-type=\"container\">\n\t\t\t\t\t<div class=\"e-con-inner\">\n\t\t\t\t<div class=\"elementor-element elementor-element-30e5297 elementor-widget elementor-widget-heading\" data-id=\"30e5297\" data-element_type=\"widget\" data-e-type=\"widget\" data-widget_type=\"heading.default\">\n\t\t\t\t<div class=\"elementor-widget-container\">\n\t\t\t\t\t<h2 class=\"elementor-heading-title elementor-size-default\">Poznaj nasz\u0105 ofert\u0119<\/h2>\t\t\t\t<\/div>\n\t\t\t\t<\/div>\n\t\t\t\t<div class=\"elementor-element elementor-element-dc4b11c elementor-widget-divider--view-line elementor-widget elementor-widget-divider\" data-id=\"dc4b11c\" data-element_type=\"widget\" data-e-type=\"widget\" data-widget_type=\"divider.default\">\n\t\t\t\t<div class=\"elementor-widget-container\">\n\t\t\t\t\t\t\t<div class=\"elementor-divider\">\n\t\t\t<span class=\"elementor-divider-separator\">\n\t\t\t\t\t\t<\/span>\n\t\t<\/div>\n\t\t\t\t\t\t<\/div>\n\t\t\t\t<\/div>\n\t\t<div class=\"elementor-element elementor-element-0ab0fc7 e-con-full e-flex e-con e-child\" data-id=\"0ab0fc7\" data-element_type=\"container\" data-e-type=\"container\">\n\t\t\t\t<div class=\"elementor-element elementor-element-4a4b452 elementor-widget elementor-widget-ucaddon_content_carousel_new\" data-id=\"4a4b452\" data-element_type=\"widget\" data-e-type=\"widget\" data-widget_type=\"ucaddon_content_carousel_new.default\">\n\t\t\t\t<div class=\"elementor-widget-container\">\n\t\t\t\t\t\n<!-- start Content Carousel -->\n\t\t<link id='font-awesome-css' href='https:\/\/willalubon.pl\/wp-content\/plugins\/unlimited-elements-for-elementor\/assets_libraries\/font-awesome6\/fontawesome-all.min.css' type='text\/css' rel='stylesheet' >\n\t\t<link id='font-awesome-4-shim-css' href='https:\/\/willalubon.pl\/wp-content\/plugins\/unlimited-elements-for-elementor\/assets_libraries\/font-awesome6\/fontawesome-v4-shims.min.css' type='text\/css' rel='stylesheet' >\n\t\t<link id='owl-carousel-css' href='https:\/\/willalubon.pl\/wp-content\/plugins\/unlimited-elements-for-elementor\/assets_libraries\/owl-carousel-new\/assets\/owl.carousel.css' type='text\/css' rel='stylesheet' >\n\t\t<link id='fancybox-css' href='https:\/\/willalubon.pl\/wp-content\/plugins\/unlimited-elements-for-elementor\/assets_libraries\/fancybox3\/jquery.fancybox.min.css' type='text\/css' rel='stylesheet' >\n\n<style>\/* widget: Content Carousel *\/\n\n.ue-content-carousel{\n  min-height:1px;\n}\n\n#uc_content_carousel_new_elementor_4a4b452 .ue-item{\n  transition:0.3s;\n  position:relative;\n}\n\n#uc_content_carousel_new_elementor_4a4b452 .carousel-image{\n  transition:0.3s;\n}\n#uc_content_carousel_new_elementor_4a4b452{\n  position:relative;\n  min-height:1px;\n}\n\n#uc_content_carousel_new_elementor_4a4b452 .ue-content-holder{\n  display:flex;\n  flex-direction:column;\n}\n\n#uc_content_carousel_new_elementor_4a4b452 .ue-btn-holder{\n  margin-top:auto;\n}\n\n#uc_content_carousel_new_elementor_4a4b452 .owl-nav .owl-prev{\n    position:absolute;\n    display:inline-block;\n    text-align:center;\n}\n\n#uc_content_carousel_new_elementor_4a4b452 .owl-nav .owl-next{\n  position:absolute;\n  display:inline-block;\n  text-align:center;\n}\n\n\n#uc_content_carousel_new_elementor_4a4b452 .owl-dots {\noverflow:hidden;\ntext-align:center;\n}\n\n#uc_content_carousel_new_elementor_4a4b452 .owl-dot {\nborder-radius:50%;\ndisplay:inline-block;\n}\n\n.uc_post_title{\n  font-size:21px;\n}\n\n#uc_content_carousel_new_elementor_4a4b452 .uc_image_carousel_container_holder{\n  overflow:hidden;\n}\n\n#uc_content_carousel_new_elementor_4a4b452 .uc_more_btn{  \n    display:inline-block;\n  text-decoration:none;\n  text-align:center;\n  transition:0.3s;\n}\n\n\n\n#uc_content_carousel_new_elementor_4a4b452 .uc_date{\n  color:gray;\n  padding-top:10px;\n  text-style:italic;\n}\n\n\n\n\n\n\n\n\n#uc_content_carousel_new_elementor_4a4b452 .ue-btn-inner-wrapper{\n  display:inline-flex;\n  align-items:center;\n}\n\n#uc_content_carousel_new_elementor_4a4b452 .ue-btn-inner-wrapper svg{\n  height:1em;\n  width:1em;\n}\n\n#uc_content_carousel_new_elementor_4a4b452 .uc_image_carousel_placeholder{\n  position:relative;\n}\n\n#uc_content_carousel_new_elementor_4a4b452 .ue_img_link{\n  display:block;\n  position:absolute;\n  top:0px;\n  right:0px;\n  left:0px;\n  bottom:0px;\n}\n\n\/* start creative button hover styles *\/\n#uc_content_carousel_new_elementor_4a4b452 .uc_content{\n  display: flex;\n  flex-wrap: wrap;\n}\n\n\/* GENERAL BUTTON STYLING *\/\n#uc_content_carousel_new_elementor_4a4b452 .uc_button {\n  overflow:hidden;\n}\n\n#uc_content_carousel_new_elementor_4a4b452 .uc_button,\n#uc_content_carousel_new_elementor_4a4b452 .uc_button::after {\n\ttransition: all 0.3s;\n}\n\n#uc_content_carousel_new_elementor_4a4b452 .uc_button {\n  position: relative;\n}\n\n#uc_content_carousel_new_elementor_4a4b452 .uc_button span{\n  z-index: 2;\n  position: relative;\n  display: block;\n}\n\n#uc_content_carousel_new_elementor_4a4b452 .uc_button::before,\n#uc_content_carousel_new_elementor_4a4b452 .uc_button::after {\n  content: '';\n  position: absolute;\n  z-index: 1;\n}\n\n\/* BUTTON 1 *\/\n#uc_content_carousel_new_elementor_4a4b452 .uc_btn-1::after {\n  height: 0;\n  left: 0;\n  top: 0;\n  width: 100%;\n}\n\n#uc_content_carousel_new_elementor_4a4b452 .uc_btn-1:hover:after {\n  height: 100%;\n}\n\n\/* BUTTON 7 *\/\n#uc_content_carousel_new_elementor_4a4b452 .uc_btn-7::after {\n  height: 0;\n  left: 0;\n  bottom: 0;\n  width: 100%;\n}\n\n#uc_content_carousel_new_elementor_4a4b452 .uc_btn-7:hover:after {\n  height: 100%;\n}\n\n\/* BUTTON 2 *\/\n#uc_content_carousel_new_elementor_4a4b452 .uc_btn-2::after {\n  height: 100%;\n  left: 0;\n  top: 0;\n  width: 0;\n}\n\n#uc_content_carousel_new_elementor_4a4b452 .uc_btn-2:hover:after {\n  width: 100%;\n}\n\n\/* BUTTON 6 *\/\n#uc_content_carousel_new_elementor_4a4b452 .uc_btn-6::after {\n  height: 100%;\n  right: 0;\n  top: 0;\n  width: 0;\n}\n\n#uc_content_carousel_new_elementor_4a4b452 .uc_btn-6:hover:after {\n  width: 100%;\n}\n\n\/* BUTTON 3 *\/\n#uc_content_carousel_new_elementor_4a4b452 .uc_btn-3::after {\n  height: 0;\n  left: 50%;\n  top: 50%;\n  width: 0;\n}\n\n#uc_content_carousel_new_elementor_4a4b452 .uc_btn-3:hover:after {\n  height: 100%;\n  left: 0;\n  top: 0;\n  width: 100%;\n}\n\n\n\/* BUTTON 4 *\/\n#uc_content_carousel_new_elementor_4a4b452 .uc_btn-4::before {\n}\n\n#uc_content_carousel_new_elementor_4a4b452 .uc_btn-4::after {\n  height: 100%;\n  left: 0;\n  top: 0;\n  width: 100%;\n}\n\n#uc_content_carousel_new_elementor_4a4b452 .uc_btn-4:hover:after{\n  height: 0;\n  left: 50%;\n  top: 50%;\n  width: 0;\n}\n\n\n\/* BUTTON 5 *\/\n#uc_content_carousel_new_elementor_4a4b452 .uc_btn-5 {\n  overflow: hidden;\n}\n\n#uc_content_carousel_new_elementor_4a4b452 .uc_btn-5::after {\n  height: 100%;\n  left: -100%;\n  top: 0;\n  transform: skew(50deg);\n  transition-duration: 0.6s;\n  transform-origin: top left;\n  width: 0;\n}\n\n#uc_content_carousel_new_elementor_4a4b452 .uc_btn-5:hover:after {\n  height: 100%;\n  width: 200%;\n}\n\/* end styles *\/\n\n<\/style>\n\n<div class=\"ue-content-carousel\" >\n   <div class=\"uc_carousel owl-carousel owl-theme uc-items-wrapper   \" id=\"uc_content_carousel_new_elementor_4a4b452\" data-lightbox=\"false\" data-equal-height=\"false\"  >\n   \t\t<div class=\"uc_image_carousel_container_holder ue-item\">\n    <div class=\"uc_image_carousel_placeholder\">\n    \n    <div style=\"background-image:url(https:\/\/willalubon.pl\/wp-content\/uploads\/2025\/03\/AdobeStock_962356495-768x512.jpeg);background-position:center; background-repeat:no-repeat;\" class=\"carousel-image\"><\/div>\n    \n        \n        \n  <\/div>\n  \n    <div class=\"uc_image_carousel_content content-padding ue-content-holder\">\n    \n            <div style=\"width:100%;\">\n                                <div class=\"ue-title\">Zabiegi<\/div>\n                            <div class=\"ue-text\" ><p>Oferujemy szeroki zakres zabieg\u00f3w dopasowany do indywidualnych potrzeb naszych go\u015bci<\/p><\/div>        <\/div>\n       \n    \n    \n    \n    <!-- put your not empty html here -->\n\n    \n    \n            \t\t<div class=\"ue-btn-holder\" style=\"width:100%;\">\n                              <a class=\"ue-btn uc_more_btn uc_button none \"  href=\"#\" >\n                  \n                 <div class=\"ue-btn-inner-wrapper\">\n                    \n                    <div class=\"ue-btn-inner-txt\"><span>Dowiedz si\u0119 wi\u0119cej<\/span><\/div>\n                                      \n                                      \n                 <\/div>\n               <\/a>\n            <\/div>\n            \n  \n    \n    \n          \n        \n      <\/div>\n  <\/div>\n<div class=\"uc_image_carousel_container_holder ue-item\">\n    <div class=\"uc_image_carousel_placeholder\">\n    \n    <div style=\"background-image:url(https:\/\/willalubon.pl\/wp-content\/uploads\/2025\/03\/AdobeStock_76449066-768x512.jpeg);background-position:center; background-repeat:no-repeat;\" class=\"carousel-image\"><\/div>\n    \n        \n        \n  <\/div>\n  \n    <div class=\"uc_image_carousel_content content-padding ue-content-holder\">\n    \n            <div style=\"width:100%;\">\n                                <div class=\"ue-title\">Obs\u0142ugiwane dysfunkcje<\/div>\n                            <div class=\"ue-text\" ><p>W naszym o\u015brodku przyjmujemy chorych na rozmaite schorzenia<\/p><\/div>        <\/div>\n       \n    \n    \n    \n    <!-- put your not empty html here -->\n\n    \n    \n            \t\t<div class=\"ue-btn-holder\" style=\"width:100%;\">\n                              <a class=\"ue-btn uc_more_btn uc_button none \"  href=\"#\" >\n                  \n                 <div class=\"ue-btn-inner-wrapper\">\n                    \n                    <div class=\"ue-btn-inner-txt\"><span>Dowiedz si\u0119 wi\u0119cej<\/span><\/div>\n                                      \n                                      \n                 <\/div>\n               <\/a>\n            <\/div>\n            \n  \n    \n    \n          \n        \n      <\/div>\n  <\/div>\n<div class=\"uc_image_carousel_container_holder ue-item\">\n    <div class=\"uc_image_carousel_placeholder\">\n    \n    <div style=\"background-image:url(https:\/\/willalubon.pl\/wp-content\/uploads\/2025\/03\/AdobeStock_1056287992-768x430.jpeg);background-position:center; background-repeat:no-repeat;\" class=\"carousel-image\"><\/div>\n    \n        \n        \n  <\/div>\n  \n    <div class=\"uc_image_carousel_content content-padding ue-content-holder\">\n    \n            <div style=\"width:100%;\">\n                                <div class=\"ue-title\">Program i atrakcje<\/div>\n                            <div class=\"ue-text\" ><p>Oferujemy bogaty program kulturalno-o\u015bwiatowy, obejmuj\u0105cy wycieczki, wieczorki taneczne, zaj\u0119cia dla dzieci i wiele wi\u0119cej!<\/p><\/div>        <\/div>\n       \n    \n    \n    \n    <!-- put your not empty html here -->\n\n    \n    \n            \t\t<div class=\"ue-btn-holder\" style=\"width:100%;\">\n                              <a class=\"ue-btn uc_more_btn uc_button none \"  href=\"#\" >\n                  \n                 <div class=\"ue-btn-inner-wrapper\">\n                    \n                    <div class=\"ue-btn-inner-txt\"><span>Dowiedz si\u0119 wi\u0119cej<\/span><\/div>\n                                      \n                                      \n                 <\/div>\n               <\/a>\n            <\/div>\n            \n  \n    \n    \n          \n        \n      <\/div>\n  <\/div>\n<div class=\"uc_image_carousel_container_holder ue-item\">\n    <div class=\"uc_image_carousel_placeholder\">\n    \n    <div style=\"background-image:url(https:\/\/willalubon.pl\/wp-content\/uploads\/ac_assets\/uc_content_carousel\/img3.jpg);background-position:center; background-repeat:no-repeat;\" class=\"carousel-image\"><\/div>\n    \n        \n        \n  <\/div>\n  \n    <div class=\"uc_image_carousel_content content-padding ue-content-holder\">\n    \n            <div style=\"width:100%;\">\n                                <div class=\"ue-title\">Cennik turnus\u00f3w<\/div>\n                            <div class=\"ue-text\" ><p>Poznaj nasz\u0105 ofert\u0119 turnus\u00f3w rehabilitacyjnych na rok 2025<\/p><\/div>        <\/div>\n       \n    \n    \n    \n    <!-- put your not empty html here -->\n\n    \n    \n            \t\t<div class=\"ue-btn-holder\" style=\"width:100%;\">\n                              <a class=\"ue-btn uc_more_btn uc_button none \"  href=\"#\" >\n                  \n                 <div class=\"ue-btn-inner-wrapper\">\n                    \n                    <div class=\"ue-btn-inner-txt\"><span>Dowiedz si\u0119 wi\u0119cej<\/span><\/div>\n                                      \n                                      \n                 <\/div>\n               <\/a>\n            <\/div>\n            \n  \n    \n    \n          \n        \n      <\/div>\n  <\/div>\n\n   <\/div>\t\n<\/div>\n<!-- end Content Carousel -->\t\t\t\t<\/div>\n\t\t\t\t<\/div>\n\t\t\t\t<\/div>\n\t\t\t\t\t<\/div>\n\t\t\t\t<\/div>\n\t\t<div class=\"elementor-element elementor-element-4c3cac6b e-flex e-con-boxed e-con e-parent\" data-id=\"4c3cac6b\" data-element_type=\"container\" data-e-type=\"container\">\n\t\t\t\t\t<div class=\"e-con-inner\">\n\t\t<div class=\"elementor-element elementor-element-34530233 e-con-full e-flex e-con e-child\" data-id=\"34530233\" data-element_type=\"container\" data-e-type=\"container\" data-settings=\"{&quot;background_background&quot;:&quot;classic&quot;}\">\n\t\t\t\t<\/div>\n\t\t<div class=\"elementor-element elementor-element-38737bf9 e-con-full e-flex e-con e-child\" data-id=\"38737bf9\" data-element_type=\"container\" data-e-type=\"container\">\n\t\t\t\t<div class=\"elementor-element elementor-element-4fa4a666 elementor-widget elementor-widget-heading\" data-id=\"4fa4a666\" data-element_type=\"widget\" data-e-type=\"widget\" data-widget_type=\"heading.default\">\n\t\t\t\t<div class=\"elementor-widget-container\">\n\t\t\t\t\t<h2 class=\"elementor-heading-title elementor-size-default\">Kilka s\u0142\u00f3w o nas<\/h2>\t\t\t\t<\/div>\n\t\t\t\t<\/div>\n\t\t\t\t<div class=\"elementor-element elementor-element-3e691c69 elementor-widget elementor-widget-text-editor\" data-id=\"3e691c69\" data-element_type=\"widget\" data-e-type=\"widget\" data-widget_type=\"text-editor.default\">\n\t\t\t\t<div class=\"elementor-widget-container\">\n\t\t\t\t\t\t\t\t\t<p>Willa &#8222;Lubo\u0144 Wielki&#8221; to ma\u0142y, kameralny o\u015brodek profilaktyki zdrowotnej. Znajduje si\u0119 on u podn\u00f3\u017ca Beskidu Wyspowego, na obrze\u017cach uzdrowiska Rabka Zdr\u00f3j.<\/p><p>Zapraszamy na wypoczynek po\u0142\u0105czony z rewitalizacj\u0105 w formie turnus\u00f3w rehabilitacyjnych oraz wczas\u00f3w zdrowotnych. B\u0119dzie nam mi\u0142o go\u015bci\u0107 Pa\u0144stwa w naszych progach.<\/p>\t\t\t\t\t\t\t\t<\/div>\n\t\t\t\t<\/div>\n\t\t\t\t<div class=\"elementor-element elementor-element-177f164e elementor-mobile-align-center elementor-tablet-align-center elementor-invisible elementor-widget elementor-widget-button\" data-id=\"177f164e\" data-element_type=\"widget\" data-e-type=\"widget\" data-settings=\"{&quot;_animation&quot;:&quot;fadeIn&quot;}\" data-widget_type=\"button.default\">\n\t\t\t\t<div class=\"elementor-widget-container\">\n\t\t\t\t\t\t\t\t\t<div class=\"elementor-button-wrapper\">\n\t\t\t\t\t<a class=\"elementor-button elementor-button-link elementor-size-sm\" href=\"https:\/\/willalubon.pl\/?page_id=311\">\n\t\t\t\t\t\t<span class=\"elementor-button-content-wrapper\">\n\t\t\t\t\t\t\t\t\t<span class=\"elementor-button-text\">Wi\u0119cej<\/span>\n\t\t\t\t\t<\/span>\n\t\t\t\t\t<\/a>\n\t\t\t\t<\/div>\n\t\t\t\t\t\t\t\t<\/div>\n\t\t\t\t<\/div>\n\t\t\t\t<\/div>\n\t\t\t\t\t<\/div>\n\t\t\t\t<\/div>\n\t\t\t\t<\/div>\n\t\t","protected":false},"excerpt":{"rendered":"<p>WYPOCZYNEK W G\u00d3RACH? Podaruj sobie zdrowie i przyjed\u017a do nas na turnus rehabilitacyjny ZOBACZ CENNIK Poznaj nasz\u0105 ofert\u0119 Zabiegi Oferujemy szeroki zakres zabieg\u00f3w dopasowany do indywidualnych potrzeb naszych go\u015bci Dowiedz si\u0119 wi\u0119cej Obs\u0142ugiwane dysfunkcje W naszym o\u015brodku przyjmujemy chorych na rozmaite schorzenia Dowiedz si\u0119 wi\u0119cej Program i atrakcje Oferujemy bogaty program kulturalno-o\u015bwiatowy, obejmuj\u0105cy wycieczki, wieczorki [&hellip;]<\/p>\n","protected":false},"author":1,"featured_media":0,"parent":0,"menu_order":0,"comment_status":"closed","ping_status":"closed","template":"elementor_theme","meta":{"footnotes":""},"class_list":["post-157","page","type-page","status-publish","hentry"],"_links":{"self":[{"href":"https:\/\/willalubon.pl\/index.php?rest_route=\/wp\/v2\/pages\/157","targetHints":{"allow":["GET"]}}],"collection":[{"href":"https:\/\/willalubon.pl\/index.php?rest_route=\/wp\/v2\/pages"}],"about":[{"href":"https:\/\/willalubon.pl\/index.php?rest_route=\/wp\/v2\/types\/page"}],"author":[{"embeddable":true,"href":"https:\/\/willalubon.pl\/index.php?rest_route=\/wp\/v2\/users\/1"}],"replies":[{"embeddable":true,"href":"https:\/\/willalubon.pl\/index.php?rest_route=%2Fwp%2Fv2%2Fcomments&post=157"}],"version-history":[{"count":0,"href":"https:\/\/willalubon.pl\/index.php?rest_route=\/wp\/v2\/pages\/157\/revisions"}],"wp:attachment":[{"href":"https:\/\/willalubon.pl\/index.php?rest_route=%2Fwp%2Fv2%2Fmedia&parent=157"}],"curies":[{"name":"wp","href":"https:\/\/api.w.org\/{rel}","templated":true}]}}